{"id":3394,"date":"2018-08-30T18:02:47","date_gmt":"2018-08-30T18:02:47","guid":{"rendered":"http:\/\/ducvalparaiso.org\/duc\/?page_id=3394"},"modified":"2018-09-09T23:56:15","modified_gmt":"2018-09-09T23:56:15","slug":"sala-de-exposiciones","status":"publish","type":"page","link":"http:\/\/ducvalparaiso.org\/duc\/sala-de-exposiciones\/","title":{"rendered":"Sala de Exposiciones"},"content":{"rendered":"<p>[spb_column col_sm=\u00bb4&#8243; padding_horizontal=\u00bb0&#8243; width=\u00bb1\/3&#8243; el_position=\u00bbfirst\u00bb] [spb_text_block animation=\u00bbnone\u00bb animation_delay=\u00bb0&#8243; simplified_controls=\u00bbyes\u00bb custom_css_percentage=\u00bbno\u00bb padding_vertical=\u00bb0&#8243; padding_horizontal=\u00bb0&#8243; margin_vertical=\u00bb0&#8243; custom_css=\u00bbmargin-top: 0px;margin-bottom: 0px;\u00bb border_size=\u00bb0&#8243; border_styling_global=\u00bbdefault\u00bb width=\u00bb1\/1&#8243; el_position=\u00bbfirst last\u00bb]<\/p>\n<p align=\"justify\"><span style=\"font-weight: 400;\"><strong>Inaugurada el 2003<\/strong>, es la sala nuclear de nuestro centro de estudios, con capacidad para 80 personas. Dada su conformaci\u00f3n espacial, 2 alas articuladas por un patio interior, es un espacio adecuado para diversas actividades. En la habilitaci\u00f3n de este espacio se cont\u00f3 con el apoyo de CORFO a trav\u00e9s de su Fondo\u2026 y con aportes del Fondart Regional de Infraestructura (a\u00f1o\u2026).<\/span><\/p>\n<p>[\/spb_text_block] [\/spb_column] [spb_column col_sm=\u00bb8&#8243; padding_horizontal=\u00bb0&#8243; width=\u00bb2\/3&#8243; el_position=\u00bblast\u00bb] [spb_image image=\u00bb3395&#8243; image_size=\u00bbfull\u00bb frame=\u00bbnoframe\u00bb caption_pos=\u00bbhover\u00bb remove_rounded=\u00bbyes\u00bb fullwidth=\u00bbno\u00bb overflow_mode=\u00bbnone\u00bb link_target=\u00bb_self\u00bb lightbox=\u00bbno\u00bb intro_animation=\u00bbnone\u00bb animation_delay=\u00bb200&#8243; width=\u00bb1\/1&#8243; el_position=\u00bbfirst last\u00bb][\/spb_image] [spb_image image=\u00bb3396&#8243; image_size=\u00bbfull\u00bb frame=\u00bbnoframe\u00bb caption_pos=\u00bbhover\u00bb remove_rounded=\u00bbyes\u00bb fullwidth=\u00bbno\u00bb overflow_mode=\u00bbnone\u00bb link_target=\u00bb_self\u00bb lightbox=\u00bbno\u00bb intro_animation=\u00bbnone\u00bb animation_delay=\u00bb200&#8243; width=\u00bb1\/2&#8243; el_position=\u00bbfirst\u00bb][\/spb_image] [spb_image image=\u00bb3397&#8243; image_size=\u00bbfull\u00bb frame=\u00bbnoframe\u00bb caption_pos=\u00bbhover\u00bb remove_rounded=\u00bbyes\u00bb fullwidth=\u00bbno\u00bb overflow_mode=\u00bbnone\u00bb link_target=\u00bb_self\u00bb lightbox=\u00bbno\u00bb intro_animation=\u00bbnone\u00bb animation_delay=\u00bb200&#8243; width=\u00bb1\/2&#8243; el_position=\u00bblast\u00bb][\/spb_image] [spb_image image=\u00bb3398&#8243; image_size=\u00bbfull\u00bb frame=\u00bbnoframe\u00bb caption_pos=\u00bbhover\u00bb remove_rounded=\u00bbyes\u00bb fullwidth=\u00bbno\u00bb overflow_mode=\u00bbnone\u00bb link_target=\u00bb_self\u00bb lightbox=\u00bbno\u00bb intro_animation=\u00bbnone\u00bb animation_delay=\u00bb200&#8243; width=\u00bb1\/1&#8243; el_position=\u00bbfirst last\u00bb][\/spb_image] [\/spb_column]<\/p>\n","protected":false},"excerpt":{"rendered":"<p>[spb_column col_sm=\u00bb4&#8243; padding_horizontal=\u00bb0&#8243; width=\u00bb1\/3&#8243; el_position=\u00bbfirst\u00bb] [spb_text_block animation=\u00bbnone\u00bb animation_delay=\u00bb0&#8243; simplified_controls=\u00bbyes\u00bb custom_css_percentage=\u00bbno\u00bb padding_vertical=\u00bb0&#8243; padding_horizontal=\u00bb0&#8243; margin_vertical=\u00bb0&#8243; custom_css=\u00bbmargin-top: 0px;margin-bottom: 0px;\u00bb border_size=\u00bb0&#8243; border_styling_global=\u00bbdefault\u00bb width=\u00bb1\/1&#8243; el_position=\u00bbfirst last\u00bb] Inaugurada el 2003, es la sala nuclear de nuestro centro de estudios, con capacidad para 80 personas. Dada su conformaci\u00f3n espacial, 2 alas articuladas por un patio interior, es un espacio adecuado para diversas actividades. En la habilitaci\u00f3n de [&hellip;]<\/p>\n","protected":false},"author":1,"featured_media":0,"parent":0,"menu_order":0,"comment_status":"closed","ping_status":"closed","template":"","meta":[],"_links":{"self":[{"href":"http:\/\/ducvalparaiso.org\/duc\/wp-json\/wp\/v2\/pages\/3394"}],"collection":[{"href":"http:\/\/ducvalparaiso.org\/duc\/wp-json\/wp\/v2\/pages"}],"about":[{"href":"http:\/\/ducvalparaiso.org\/duc\/wp-json\/wp\/v2\/types\/page"}],"author":[{"embeddable":true,"href":"http:\/\/ducvalparaiso.org\/duc\/wp-json\/wp\/v2\/users\/1"}],"replies":[{"embeddable":true,"href":"http:\/\/ducvalparaiso.org\/duc\/wp-json\/wp\/v2\/comments?post=3394"}],"version-history":[{"count":3,"href":"http:\/\/ducvalparaiso.org\/duc\/wp-json\/wp\/v2\/pages\/3394\/revisions"}],"predecessor-version":[{"id":3496,"href":"http:\/\/ducvalparaiso.org\/duc\/wp-json\/wp\/v2\/pages\/3394\/revisions\/3496"}],"wp:attachment":[{"href":"http:\/\/ducvalparaiso.org\/duc\/wp-json\/wp\/v2\/media?parent=3394"}],"curies":[{"name":"wp","href":"https:\/\/api.w.org\/{rel}","templated":true}]}}